 + 5*k. Let t(n) = n**2 + 4*n + 4. Let m be t(-3). What is the greatest common divisor of m and a?
1
Let o be 36*(-6)/21*42/(-9). What is the highest common divisor of o and 6?
6
Let i = 58 + -7. Calculate the highest common divisor of i and 34.
17
Suppose -3*k + 5*j = -39 - 29, 2 = -2*j. What is the greatest common divisor of k and 84?
21
Let v be (24/(-9))/((-4)/6). Suppose i - 2 + 0 = v*c, 5*i = c + 10. What is the highest common factor of i and 4?
2
Let l = 4 - 4. Suppose l = m + 1, -2*u - 11 = -m - 0*m. Let f be 12*1*(-4)/u. Calculate the highest common factor of 20 and f.
4
Suppose 0 = 45*d - 53*d + 16. What is the greatest common factor of d and 2?
2
Suppose 8*x - 756 = 2*x. Calculate the highest common factor of x and 18.
18
Suppose -3*o + 2*w - 10 = 0, -10 - 15 = 3*o - 5*w. Let b = o - -2. Suppose 29 = 4*t + 13. Calculate the greatest common divisor of b and t.
2
Suppose 5*c - 65 = -2*o, 0*c + 9 = 3*c. What is the greatest common divisor of o and 10?
5
Let v be (-6)/21 + (-430)/(-35). Suppose 2*s = -2*i + v, -2*i = -4*i + 5*s - 9. Calculate the highest common divisor of i and 21.
3
Let k be (160/24)/(2*3/54). Calculate the highest common factor of 12 and k.
12
Let l(n) = n**3 - 25*n**2 - 26*n + 4. Let h be l(26). Suppose -4*w = 2*a - 28, -5*w + 3 = 3*a - 38. Calculate the highest common divisor of h and a.
4
Let f = -133 - -171. What is the highest common divisor of 152 and f?
38
Suppose 4*h + 30 = 5*n, n - 7*h - 6 = -3*h. What is the highest common factor of n and 66?
6
Let c(v) = 5*v**2 + v + 8. Let i be c(-3). Calculate the greatest common divisor of 30 and i.
10
Suppose -b + 10 + 19 = 0. Suppose -29 = l + k, -3*l + 4*k = -2*l + b. Let h = 49 + l. Calculate the greatest common divisor of h and 8.
4
Let n be (-3 - -1) + 1 + 4*1. What is the greatest common divisor of n and 6?
3
Let r = 14 + -8. What is the highest common divisor of 9 and r?
3
Let a(d) = -20*d**3 + d**2 - d - 2. Let v be a(-1). What is the greatest common factor of v and 160?
20
Suppose 0 = -i - 0 + 15. Suppose 0 = -3*k - 5*j + 510, 0 = 5*k - 2*j + 4*j - 831. What is the highest common factor of k and i?
15
Suppose x + 12 = 2*x. Calculate the greatest common factor of x and 12.
12
Suppose -3 + 28 = 5*x. Calculate the highest common divisor of 40 and x.
5
Let k = -1 - -5. Suppose 5*c = -5*d + 355, -k*c = -2*c - d - 133. What is the greatest common divisor of c and 17?
17
Suppose -83 = -2*r - 3*u, -5*u + 185 = 5*r - 2*u. Calculate the greatest common factor of r and 85.
17
Suppose q + 131 = 4*m + 4*q, 0 = 4*m + 2*q - 130. Calculate the highest common factor of m and 8.
8
Suppose 0 = -6*s + 10*s - 32. Let l = s + -4. Suppose 1 - 7 = -r. What is the greatest common divisor of r and l?
2
Suppose 0 = 3*g + b - 32, 4*g - b + 5*b - 32 = 0. Suppose -5*m + 264 + 156 = 0. What is the greatest common divisor of g and m?
12
Let k be (-4 + 1)*(-16)/6. Let f(w) = -w**3 + 15*w**2 - 2*w + 46. Let l be f(15). Calculate the greatest common divisor of l and k.
8
Suppose -610 - 92 = -9*r. Calculate the highest common divisor of r and 6.
6
Suppose -2*g + 252 = 2*g. Suppose -43 = -2*v - v - 4*l, 3*v = -5*l + 47. What is the highest common divisor of v and g?
9
Let a = -48 + 60. Calculate the highest common factor of 84 and a.
12
Suppose -2*t + 16 = -2. What is the highest common divisor of t and 45?
9
Let o be 9/6 + (-7)/(-14). Calculate the highest common divisor of o and 2.
2
Let f be -1 + 1 - (-2 + -25). Let r = 37 + f. Let z(t) = -t**3 + 11*t**2 - t + 27. Let x be z(11). What is the greatest common divisor of x and r?
16
Let c = -6 + 8. Suppose 3*p + 0 = -2*b - 3, 5*b + 2*p + c = 0. Let u be -36*(-3 + b + 2). What is the highest common factor of 24 and u?
12
Suppose 0 = -4*w - 4*f + 12, -5*w + 18 = 3*f + f. Let b be 46/w - (-16)/(-24). What is the highest common divisor of 28 and b?
7
Let o be 1*5*2/5. Let u = 2 + o. Let l = 1 - -3. What is the greatest common divisor of u and l?
4
Let g be 10/(-65) - 2*(-730)/26. What is the greatest common factor of 14 and g?
14
Let m = 17 + -16. Calculate the greatest common divisor of 2 and m.
1
Let t be (1 + (-14)/10)*-10. Suppose -65 - 134 = -n. Suppose -z - 4*l + 24 = 0, 5*z + l = n - 22. What is the highest common factor of z and t?
4
Suppose 3*o = 5*o - 130. Calculate the highest common divisor of o and 26.
13
Suppose -3*m = 2*m. Suppose m = 2*q + q - 117. What is the greatest common factor of q and 13?
13
Let l = 5 + -1. Suppose -8 = -2*z, 0*z = -l*g - 5*z + 260. What is the highest common divisor of 24 and g?
12
Suppose 10 = -4*l - 5*g - 2, -2*l - 3*g = 8. Suppose n - l = 8*o - 3*o, -4*n - o = -71. What is the greatest common divisor of 68 and n?
17
Let c = 13 - 5. Suppose 12 = 2*o - c. What is the highest common divisor of o and 100?
10
Suppose 3*p - 170 = -2*p. What is the greatest common divisor of p and 34?
34
Suppose 0 = -2*f - 4*t + 2*t + 96, 4*t + 96 = 2*f. What is the greatest common divisor of f and 12?
12
Let h = -24 + 44. Let y(i) = -i - 2. Let n be y(-4). Let b be n - -24*(-1 - -3). Calculate the highest common divisor of h and b.
10
Suppose 2*z - 7 = 1, -p = -z + 4. Suppose -52 = -4*y - p*y. Calculate the greatest common factor of 104 and y.
13
Suppose 6 = 2*l, -4*t - 2*l = t - 46. What is the greatest common factor of t and 8?
8
Let n(v) be the first derivative of -v**2/2 + 5*v + 2. Let d be n(-6). What is the highest common divisor of d and 33?
11
Let j be 1/(-1)*-29 - 4. What is the highest common divisor of j and 1?
1
Suppose 510 = g + 2*g. Let z = g - 93. What is the greatest common divisor of 7 and z?
7
Let f be 2584/32 + 3/(-4). What is the greatest common factor of f and 10?
10
Suppose 4*b = 5*p - 582, 4*b + b + 746 = -3*p. Let f = -99 - b. What is the highest common divisor of f and 7?
7
Let z be (-322)/(-10) + (-9)/45. What is the highest common factor of z and 8?
8
Suppose -2 = 3*r - 11. Suppose 5*q - 4 = r*q. Calculate the greatest common factor of q and 1.
1
Let r = 13 - 11. Suppose r*l - 45 = -3*l. What is the greatest common divisor of 9 and l?
9
Suppose 4*l - 650 = -4*f - 130, -5*f = 0. What is the greatest common divisor of l and 10?
10
Let w = 58 - 34. Calculate the greatest common divisor of 3 and w.
3
Suppose -280 = -5*g - 5*s, -2*s = 3*g - 6*g + 188. What is the greatest common divisor of g and 24?
12
Let g be 0*(-2 - 3/(-2)). Let j be 5 - (-1 + g/(-1)). What is the highest common factor of 2 and j?
2
Suppose -3*y = 5*c + 27, 3*c - 4*y - 11 = y. Let b be (-1 - (-1 - c)) + 3. Let i be 32 + (1 - b/3). Calculate the greatest common divisor of i and 3.
3
Suppose 38 = 4*z - n, 3*z + 2*n - 8 - 15 = 0. Calculate the highest common factor of z and 9.
9
Let u(i) = -i**2 - 11*i + 17. Let r be u(-12). Calculate the highest common factor of 5 and r.
5
Suppose -52 = -t + 4*c, 0 = -t + 2*c + 41 + 17. Calculate the greatest common divisor of 80 and t.
16
Let o(j) = -9*j**3 + 2*j + 2. Let h be o(-1). Calculate the greatest common factor of 99 and h.
9
Let y(n) = -25*n - 1. Let v be y(-1). Let f be 58 + (-6 - -2 - -6). Calculate the greatest common divisor of v and f.
12
Suppose 25 = 5*z - 5*h, 3*h - 49 = -z - 4*z. Suppose -5*o + 5*p = -465, 6*o = 2*o - 5*p + 327. Calculate the highest common divisor of z and o.
8
Suppose 2*f - 5*n - 66 = -23, f = 5*n + 34. Let j = 58 + -49. Calculate the greatest common divisor of j and f.
9
Suppose 3*d + 6*b = 5*b + 1020, -4*d - 4*b = -1360. Let i be d/14 + (-4)/14. What is the greatest common divisor of 60 and i?
12
Suppose -4*y - 45 + 6 = -5*j, j - 10 = 3*y. What is the greatest common factor of 28 and j?
7
Let y = 67 + -53. Calculate the greatest common divisor of y and 7.
7
Let d(h) = h**3 - 5*h**2 - 5*h - 3. Let c be d(6). What is the highest common divisor of c and 27?
3
Suppose 2*j = -2*r + 402, 4*r - 2*j = 3*r + 210. Calculate the highest common divisor of 12 and r.
12
Suppose -2*s - x = -51, -2 + 6 = -4*x. Calculate the highest common divisor of s and 2.
2
Suppose -b + r = -2, 2*b + b = -3*r - 18. Let q be (-258)/(-8) + b/8. Calculate the highest common divisor of 48 and q.
16
Let p = 0 + 10. Calculate the highest common divisor of p and 2.
2
Let h = 91 + -51. What is the highest common divisor of h and 20?
20
Let y = 3 + 0. Suppose y*o = -2*i, -i - i = o. Suppose -r + 4*l + 